factors of 9987.
3, 3329
List the prime factors of 60.
2, 3, 5
List the prime factors of 27660.
2, 3, 5, 461
What are the prime factors of 756?
2, 3, 7
List the prime factors of 5313.
3, 7, 11, 23
What are the prime factors of 2607?
3, 11, 79
What are the prime factors of 9424?
2, 19, 31
List the prime factors of 56634.
2, 3, 9439
What are the prime factors of 7822?
2, 3911
List the prime factors of 2527.
7, 19
What are the prime factors of 24070?
2, 5, 29, 83
List the prime factors of 1367.
1367
List the prime factors of 6219.
3, 691
What are the prime factors of 1339?
13, 103
List the prime factors of 1326.
2, 3, 13, 17
List the prime factors of 883.
883
List the prime factors of 2532.
2, 3, 211
List the prime factors of 9360.
2, 3, 5, 13
What are the prime factors of 4710?
2, 3, 5, 157
What are the prime factors of 575?
5, 23
What are the prime factors of 874?
2, 19, 23
What are the prime factors of 5620?
2, 5, 281
What are the prime factors of 1044?
2, 3, 29
What are the prime factors of 4106?
2, 2053
What are the prime factors of 13062?
2, 3, 7, 311
What are the prime factors of 2896?
2, 181
List the prime factors of 8097.
3, 2699
List the prime factors of 1023.
3, 11, 31
List the prime factors of 58911.
3, 73, 269
What are the prime factors of 26522?
2, 89, 149
What are the prime factors of 62490?
2, 3, 5, 2083
List the prime factors of 154.
2, 7, 11
List the prime factors of 1689.
3, 563
What are the prime factors of 32324?
2, 8081
What are the prime factors of 9311?
9311
List the prime factors of 53435.
5, 10687
What are the prime factors of 255?
3, 5, 17
List the prime factors of 81673.
23, 53, 67
List the prime factors of 4044.
2, 3, 337
What are the prime factors of 2181?
3, 727
List the prime factors of 1419.
3, 11, 43
List the prime factors of 63526.
2, 23, 1381
What are the prime factors of 2042?
2, 1021
List the prime factors of 1355.
5, 271
What are the prime factors of 177?
3, 59
What are the prime factors of 4734?
2, 3, 263
List the prime factors of 46571.
7, 6653
What are the prime factors of 532?
2, 7, 19
What are the prime factors of 20842?
2, 17, 613
List the prime factors of 471.
3, 157
What are the prime factors of 3081?
3, 13, 79
List the prime factors of 11457.
3, 19, 67
List the prime factors of 4362.
2, 3, 727
What are the prime factors of 1310?
2, 5, 131
What are the prime factors of 51046?
2, 25523
What are the prime factors of 7996?
2, 1999
List the prime factors of 1308.
2, 3, 109
List the prime factors of 29027.
29027
What are the prime factors of 179?
179
List the prime factors of 57092.
2, 7, 2039
List the prime factors of 3190.
2, 5, 11, 29
List the prime factors of 105929.
105929
What are the prime factors of 47778?
2, 3, 7963
List the prime factors of 118.
2, 59
List the prime factors of 15150.
2, 3, 5, 101
What are the prime factors of 2003?
2003
What are the prime factors of 1835?
5, 367
What are the prime factors of 70528?
2, 19, 29
What are the prime factors of 804?
2, 3, 67
What are the prime factors of 362?
2, 181
What are the prime factors of 21541?
13, 1657
List the prime factors of 4137.
3, 7, 197
What are the prime factors of 29628?
2, 3, 823
List the prime factors of 9490.
2, 5, 13, 73
List the prime factors of 5984.
2, 11, 17
List the prime factors of 170.
2, 5, 17
What are the prime factors of 16571?
73, 227
List the prime factors of 18637.
18637
List the prime factors of 3593.
3593
List the prime factors of 265.
5, 53
List the prime factors of 6188.
2, 7, 13, 17
List the prime factors of 779.
19, 41
What are the prime factors of 9892?
2, 2473
What are the prime factors of 15662?
2, 41, 191
What are the prime factors of 2151?
3, 239
What are the prime factors of 77995?
5, 19, 821
List the prime factors of 77805.
3, 5, 7, 13, 19
What are the prime factors of 1550?
2, 5, 31
List the prime factors of 17395.
5, 7, 71
List the prime factors of 54940.
2, 5, 41, 67
What are the prime factors of 262?
2, 131
What are the prime factors of 1302?
2, 3, 7, 31
List the prime factors of 1691.
19, 89
What are the prime factors of 376?
2, 47
List the prime factors of 68064.
2, 3, 709
List the prime factors of 1880.
2, 5, 47
What are the prime factors of 843?
3, 281
List the prime factors of 42962.
2, 21481
What are the prime factors of 40279?
47, 857
List the prime factors of 9196.
2, 11, 19
List the prime factors of 411.
3, 137
List the prime factors of 2555.
5, 7, 73
What are the prime factors of 1157?
13, 89
List the prime factors of 828.
2, 3, 23
What are the prime factors of 42079?
29, 1451
What are the prime factors of 5873?
7, 839
List the prime factors of 4964.
2, 17, 73
List the prime factors of 8887.
8887
List the prime factors of 22281.
3, 7, 1061
List the prime factors of 8311.
8311
What are the prime factors of 91390?
2, 5, 13, 19, 37
What are the prime factors of 6274?
2, 3137
List the prime factors of 1025.
5, 41
List the prime factors of 18639.
3, 19, 109
List the prime factors of 1768.
2, 13, 17
List the prime factors of 6425.
5, 257
What are the prime factors of 123555?
3, 5, 8237
What are the prime factors of 334?
2, 167
List the prime factors of 8178.
2, 3, 29, 47
List the prime factors of 5826.
2, 3, 971
List the prime factors of 3110.
2, 5, 311
What are the prime factors of 4170?
2, 3, 5, 139
What are the prime factors of 70222?
2, 35111
List the prime factors of 9329.
19, 491
What are the prime factors of 9502?
2, 4751
List the prime factors of 52267.
52267
List the prime factors of 37734.
2, 3, 19, 331
List the prime factors of 1102.
2, 19, 29
What are the prime factors of 4264?
2, 13, 41
What are the prime factors of 837?
3, 31
What are the prime factors of 23932?
2, 31, 193
What are the prime factors of 33011?
11, 3001
List the prime factors of 1648.
2, 103
What are the prime factors of 994?
2, 7, 71
List the prime factors of 9136.
2, 571
What are the prime factors of 436?
2, 109
What are the prime factors of 2695?
5, 7, 11
What are the prime factors of 1883?
7, 269
What are the prime factors of 822?
2, 3, 137
List the prime factors of 745.
5, 149
What are the prime factors of 1789?
1789
What are the prime factors of 13689?
3, 13
List the prime factors of 11752.
2, 13, 113
What are the prime factors of 86984?
2, 83, 131
What are the prime factors of 714?
2, 3, 7, 17
What are the prime factors of 10809?
3, 1201
List the prime factors of 27529.
27529
List the prime factors of 837.
3, 31
List the prime factors of 2357.
2357
What are the prime factors of 2435?
5, 487
What are the prime factors of 1381?
1381
What are the prime factors of 7408?
2, 463
List the prime factors of 28553.
7, 4079
What are the prime factors of 52972?
2, 17, 19, 41
What are the prime factors of 28066?
2, 14033
What are the prime factors of 29259?
3, 3251
What are the prime factors of 2744?
2, 7
What are the prime factors of 686?
2, 7
List the prime factors of 8045.
5, 1609
List the prime factors of 1359.
3, 151
List the prime factors of 7731.
3, 859
List the prime factors of 3040.
2, 5, 19
What are the prime factors of 40177?
40177
What are the prime factors of 2594?
2, 1297
List the prime factors of 6675.
3, 5, 89
List the prime factors of 217.
7, 31
What are the prime factors of 16240?
2, 5, 7, 29
What are the prime factors of 7016?
2, 877
What are the prime factors of 1248?
2, 3, 13
What are the prime factors of 9896?
2, 1237
List the prime factors of 31238.
2, 15619
List the prime factors of 39559.
13, 17, 179
List the prime factors of 64912.
2, 4057
List the prime factors of 74938.
2, 89, 421
List the prime factors of 28212.
2, 3, 2351
List the prime factors of 688.
2, 43
What are the prime factors of 235?
5, 47
List the prime factors of 907.
907
List the prime factors of 12485.
5, 11, 227
What are the prime factors of 1486?
2, 743
List the prime factors of 34288.
2, 2143
List the prime factors of 86748.
2, 3, 7229
List the prime factors of 853.
853
List the prime factors of 297.
3, 11
List the prime factors of 34689.
3, 31, 373
What are the prime factors of 1443?
3, 13, 37
List the prime factors of 619.
619
List the prime factors of 8001.
3, 7, 127
List the prime factors of 2719.
2719
List the prime factors of 720.
2, 3, 5
What are the prime factors of 14735?
5, 7, 421
What are the prime factors of 8711